ppose y + i + 10 = 2*y, 0 = -2*y + i + o. Calculate the highest common divisor of y and 12.
4
Suppose 4*o + 6292 = 2*i, -12*o + 8*o + 12608 = 4*i. What is the greatest common factor of 42 and i?
42
Let l be 22/66 + (-22)/(-6). Suppose l*o + b - 701 = 0, -b = 1 + 2. Suppose o = 7*n + 4*n. Calculate the highest common divisor of n and 176.
16
Suppose 749*i - 777*i + 112 = 0. Let f be (-8)/2*1/(-1). Calculate the greatest common divisor of f and i.
4
Suppose 5*k - 3*k = 4*s + 2804, 0 = -5*k - 3*s + 7010. Suppose 3*i - 902 = k. Calculate the highest common divisor of 12 and i.
12
Let i be (3 - 1)*(306/4 - -2). What is the highest common divisor of 9263 and i?
157
Suppose -659 = 9*p + 781. Let r be (p/25)/(4/(-10)). Suppose -279 = -r*x - 55. Calculate the highest common divisor of x and 98.
14
Let i be 2/(-15) + 3746429/5055. Calculate the greatest common factor of 1083 and i.
57
Let z be 7*-1 - ((-504588)/266 - 3/57). What is the greatest common divisor of z and 150?
30
Suppose -17*j + 14323 + 14577 = 0. What is the highest common factor of 800 and j?
100
Suppose -17*s + 74 - 40 = 0. Suppose -2*x - s*x + 64 = 2*w, 3*w - 12 = 0. What is the greatest common divisor of x and 112?
14
Suppose 0 = -4*p - 2*g + 148, 5*p + g = 238 - 62. What is the highest common factor of p and 4896?
34
Let w(r) be the third derivative of r**5/30 + r**4/6 - 41*r**3/6 - 194*r**2. Let q be w(-7). Calculate the highest common divisor of 783 and q.
29
Suppose -z - 1165 = u - 6*u, 0 = -u + 5*z + 257. Let c be (0 - 6/(-8))/((-123)/(-1312)). Calculate the greatest common factor of u and c.
8
Let o(s) = -8*s - 24. Let l = 15 - 29. Let p be o(l). Let h be 4 - ((-16)/4 - 3). Calculate the highest common divisor of p and h.
11
Suppose -4*i + 5*i - 8*i = -52010. What is the greatest common factor of 10 and i?
10
Let a(q) = 7*q**2 + 4*q - 22. Let k(t) = -2*t**2 + t. Let m(u) = a(u) + 3*k(u). Let l be m(3). What is the greatest common divisor of l and 328?
8
Let j be (-1)/1 - (-1 - 0)*3. Let x be j/(1/(-2)*-2) - -3. Suppose -3*m + 44 + 16 = 0. What is the greatest common divisor of m and x?
5
Let k(o) = -o**3 - 27*o**2 + 18*o + 135. Let g be k(-28). What is the greatest common factor of g and 332?
83
Let m(x) = -944*x + 19. Let w be m(-4). What is the greatest common factor of 230 and w?
115
Suppose 1472*k + 4104 = 1478*k. Calculate the highest common factor of k and 19.
19
Let s(v) = 8*v + 133. Let z(k) = 14*k + 265. Let l(a) = 5*s(a) - 2*z(a). Let p be l(-7). What is the highest common factor of 408 and p?
51
Let a(m) = m + 11. Let l be (1 - 3) + -10 + 0. Let g be a(l). Let z be 1/((-5)/(15/g)). What is the greatest common factor of z and 9?
3
Suppose -3*m = 4*q + 37 - 127, 3 = q. Suppose -m = -0*r - 2*r + 4*n, 2*n + 58 = 4*r. What is the greatest common divisor of r and 255?
15
Suppose -23 = -4*y + 21. Suppose -25 = -16*c + y*c. Let g(j) = 6*j - 8. Let d be g(c). Calculate the greatest common divisor of d and 110.
22
Let j(k) = -k**2 + 72*k + 6607. Let b be j(-50). Calculate the highest common factor of 7436 and b.
169
Suppose 0 = -5*g + g + 160. Suppose -4*d + 4252 = -1960. Suppose -d = -5*n + 647. Calculate the highest common factor of g and n.
40
Suppose 3*b + 6*w - 117 = 2*w, w = 4*b - 137. Let v be (-1464)/(-27) - (1 + b/(-45)). What is the greatest common factor of v and 27?
27
Suppose 2*z - 49 = -271. Let c be 10/(-2) + (-6 - -8). Let s be z*(44/(-12) - c). Calculate the greatest common factor of 111 and s.
37
Let q be -21*4*(-36)/63. What is the greatest common factor of 144 and q?
48
Suppose 154 = -21*d - 56. Let r be d*(-11 - -6)*12. What is the highest common factor of 24 and r?
24
Let t = -292 - -355. Suppose -62*n + t*n = 52. Calculate the greatest common factor of n and 286.
26
Suppose 4*l + r = 122, 5*l + 9*r - 123 = -17. Calculate the highest common factor of l and 11168.
32
Suppose -3*t + 5 = -1. Let y(s) = s + 13. Let r be y(-9). Suppose 99 + 21 = 3*p - 3*z, -t*p = r*z - 80. Calculate the greatest common factor of p and 200.
40
Suppose -2*b - n = -76, 0 = 3*b - 0*b + 4*n - 124. What is the highest common factor of b and 3708?
36
Suppose -15*k - 4*v + 7533 = -12*k, 3*v - 2511 = -k. What is the highest common factor of k and 93?
93
Let f(z) = -2*z**2 - 4*z + 1. Let c be f(-3). Let s be (12 + 3 + c)/1. Let y be (12/(-27))/((-30)/2025). What is the greatest common divisor of y and s?
10
Let y(c) = -2*c + 16. Suppose 7*d = -3*d + 60. Let g be y(d). Suppose g*o - 48 = 20. Calculate the highest common factor of o and 153.
17
Let k be (82/(-4))/(553/70 - 8). Let f be k + (1 + -2)/(1/(-3)). Suppose 14*m - 838 + f = 0. Calculate the highest common divisor of 5 and m.
5
Let p be 16027/44 + 8/(-32). What is the highest common factor of p and 252?
28
Let y(r) = -2*r**3 - 57*r**2 + 46*r - 682. Let x be y(-30). Calculate the highest common factor of x and 232.
58
Suppose c - 72 = -38 + 53. What is the greatest common divisor of 5017 and c?
29
Suppose 4*i - 55 = -5*h, 2*i - h = -i + 46. Let x be (798/i)/(2 + (-203)/105). What is the highest common divisor of 38 and x?
38
Let o(v) = -v**3 + 14*v**2 - 29*v - 43. Let h be o(4). What is the highest common factor of h and 131?
1
Let k = -145 + 252. Suppose -73 = -3*a + k. What is the greatest common factor of 90 and a?
30
Suppose 2 = -4*d + 4*a - 134, -d + 2*a - 38 = 0. Let n be (-4)/d - 3673/(-15). What is the greatest common divisor of 7 and n?
7
Let r = -2226 - -5547. Calculate the highest common divisor of r and 123.
123
Suppose q = 4*o + 14 - 3, -13 = -5*q - o. Suppose -h - 170 = -q*h. Suppose -24*z = -19*z - h. What is the highest common divisor of z and 68?
17
Let o = -9281 - -10145. Calculate the greatest common factor of o and 168.
24
Let y = 9657 - 9561. Let f(g) = 2*g + 2. Let p be f(2). Calculate the highest common factor of y and p.
6
Let t(b) = -375*b - 10401. Let s be t(-29). What is the greatest common factor of s and 395?
79
Let m be 4/(-46) - (-143614)/23. What is the highest common divisor of m and 56?
28
Let g = 11981 - 11417. Calculate the highest common factor of g and 47.
47
Let i be (12880/60)/((-10)/105). Let x be 2/6*-1 - i/138. Let j = 95 + -63. Calculate the greatest common factor of x and j.
16
Let g = 4053 + -3267. Calculate the greatest common factor of g and 48.
6
Let x(k) = -k**3 - 7*k**2 + 14*k - 15. Let p be x(5). Let d = p - -275. What is the greatest common divisor of d and 140?
10
Let n be 0 - 10/(-15)*426/4. Suppose 0 = -i + n - 53. Let g = 5 + -3. Calculate the highest common factor of i and g.
2
Let w(v) = v**2 - v + 6. Let a(c) = c**3 + 4*c**2 - 11*c + 3. Let l be a(-6). Let t be w(l). What is the greatest common divisor of t and 4?
2
Let v(o) = o**2 - 18*o + 34. Suppose l - 72 = -4*n, -3*n - 4*l + 5*l = -47. Let k be v(n). What is the highest common divisor of 272 and k?
17
Let k = 2466 - 1854. What is the highest common factor of 2907 and k?
153
Let g = -267 + 4416. Calculate the greatest common divisor of g and 9.
9
Suppose 0 = 4*r - 375 + 35. Suppose 3*v - r = 146. Calculate the greatest common factor of 7 and v.
7
Suppose o - 2404 = -3*g, -5*o = g + 4*g - 12060. Suppose 0 = -9*b + o - 706. What is the highest common divisor of b and 30?
10
Suppose -15 - 65 = 20*z. Let t be 7 + -7 - z - -340. What is the highest common divisor of 16 and t?
8
Let i = 12 + 0. Suppose -5*x = 4*k + 2 + 1, -k = -4*x + 6. Let j be (k/4)/((-31)/2976). What is the greatest common factor of j and i?
12
Let a be ((-63)/(-7) - 4) + 147. Suppose 0 = -145*x + a*x - 280. Calculate the greatest common divisor of x and 10.
10
Let u be (1/3)/((-1032110)/86010 - -12). Calculate the greatest common divisor of 47 and u.
47
Let d(k) = 108*k**2 - 32*k + 4. Let i be d(-1). Calculate the highest common factor of i and 1536.
48
Suppose -126*p = -36*p - 13500. What is the highest common factor of p and 120?
30
Let c = -30 + 28. Let m(l) = -23*l**3 + 4*l**2 + 3*l - 5. Let d be m(c). What is the greatest common factor of 81 and d?
27
Let o = -5971 + 7055. Calculate the highest common divisor of o and 6233.
271
Let h be (-129)/(((-2)/30*-3)/(7/(-7))). What is the highest common factor of h and 195?
15
Let k be ((-267)/801)/(1/(-960)). Calculate the highest common factor of 680 and k.
40
Let o be 386/7 + (-58 - (-32238)/567). Let 